 - k**2 + h*k - 3*k**2. Determine g(4).
-1
Let u(r) = r**2 - 6*r + 6 - 4 - 1. Let s(i) = i**2 - 7*i + 6. Let d be s(7). Give u(d).
1
Let z(l) = -l**3 - 4*l**2 - 5*l - 3. Let y = 54 + -57. Calculate z(y).
3
Let f(b) be the third derivative of -b**6/720 + b**4/6 + 5*b**2. Let n(v) be the second derivative of f(v). Give n(3).
-3
Let o(k) be the first derivative of -k**2/2 + 1. Suppose -29 = 5*h + 1. Let a be 21/h + 1/2. Calculate o(a).
3
Let a = -36 - -39. Let c(u) be the first derivative of 3 - 2*u**2 - 1/3*u**a - 4*u. What is c(-4)?
-4
Let l(m) be the third derivative of m**6/120 + m**5/60 - m**4/8 + m**3/3 + 2*m**2. Suppose 0 = -3*s + 28 - 22. Calculate l(s).
8
Let z(k) be the third derivative of -k**4/24 + k**3/2 + 16*k**2. Calculate z(5).
-2
Let a(x) = -3*x - 1. Suppose w = -2*c + 1, 5*w + 6*c = 4*c - 3. Calculate a(w).
2
Let d(k) = -k + 2 + k + k. Let w be -1*5/(-1 - 0). Let s be 1/((-11)/w - -2). Calculate d(s).
-3
Let g(d) = -2*d**2 - 3*d + 6 - 2 + 4*d - d**3. What is g(-3)?
10
Suppose 3*m + 15 = 0, -m - 4*m = 2*p + 21. Let g(c) = -2*c**3 + 4*c**2 - 2*c. Calculate g(p).
-4
Let m(r) = -1 + 2*r + 0*r - 3*r + 2*r. Let z(v) = -6*v + 2. Let y(q) = -5*m(q) - z(q). What is y(-4)?
-1
Suppose 3*j = 2*n - 6*n - 1, n + 6 = 5*j. Let t(x) = -9*x. What is t(j)?
-9
Let i(q) = 4*q**2 + 2*q**3 + 2*q - 2 + q**3 - q**3 - 3*q**3. Give i(4).
6
Let d(s) = 3*s**3 - s**2 + 2*s + 3. Let u(r) = 5*r**3 - 3*r**2 + 5*r + 5. Let x(c) = 7*d(c) - 4*u(c). What is x(-6)?
1
Let n(w) = -w. Let r = -19 + 19. Let s = r + -5. Determine n(s).
5
Suppose -12 = -4*x + 2*b, 5*b - 7 = -x + 7. Suppose -22 + 6 = -x*a. Let g(i) = i**3 - 5*i**2 + 5*i. Determine g(a).
4
Let g(q) = 3*q**3 + 6*q**2 + 6*q + 2. Let m(y) = 16*y**3 + 29*y**2 + 30*y + 9. Let b(x) = -11*g(x) + 2*m(x). Let l = 0 + -7. Give b(l).
-11
Let d(k) = 13*k - 11. Let l(h) = -7*h + 6. Let r(q) = 3*d(q) + 5*l(q). What is r(2)?
5
Let s(w) be the first derivative of -w**4/4 + 4*w**3/3 - w**2 + w + 2. Suppose 3*o + 8 = 5*o. What is s(o)?
-7
Let d be 8/6*(-15)/(-10). Let g(j) = 3*j**2 + 2*j**2 - 5*j**d + 5*j**2 + 3 - 4*j. Determine g(2).
15
Suppose -3*h + 5 = -3*p - p, 0 = -5*h - 2*p - 35. Let x(y) = -2 - 1 + 5*y**2 + 5 + y**3 - 3. Calculate x(h).
-1
Suppose v + 12 = -2*v. Let y = 4 - 1. Let a(c) = -3 + 3*c - y - 5*c. What is a(v)?
2
Let l(h) = 7*h**2 + 8*h - 1. Let q(i) = 6*i**2 + 8*i. Let a(g) = -4*l(g) + 5*q(g). Determine a(-5).
14
Let k(f) = -f + 2. Let i be k(4). Let p(j) = -4 + j**3 - 82*j**2 + 1 + 2 + 85*j**2. Give p(i).
3
Let u(l) be the first derivative of -l**4/2 - 2*l**3/3 + l - 5. Let k = 3 + -4. Calculate u(k).
1
Let h be (-1)/(-1) - (15 - -2). Let u = 11 + h. Let k(p) = p**2 + 6*p + 5. What is k(u)?
0
Let o(k) be the first derivative of -k**4/4 + 2*k**3/3 - k**2 - k + 16. Give o(2).
-5
Let t(b) be the third derivative of -b**6/40 + b**5/60 - b**3/6 - 2*b**2. Let c be (-9 - -8)*1*-1. Determine t(c).
-3
Let m(c) = 0*c**3 + 1 + 3*c - 6*c**2 + 2*c**3 - c**3. Let u be 37 + -32 + -1 + 1. Determine m(u).
-9
Let v(o) = -3*o - 1. Let g(p) = 8*p + 5. Let x(h) = 4*g(h) + 11*v(h). Determine x(6).
3
Let i(b) = -b**2 - 1. Let n(m) = -2*m - 9. Let v be n(-6). Let c(l) = -l + 3. Let z be c(v). Determine i(z).
-1
Let d(z) = -z - 1 - z + z**2 + 2. Suppose 0 = -5*y - 95 - 45. Let x be -5*(y/10 - -2). What is d(x)?
9
Let h(m) = 3*m**2 - 24*m**3 + 5*m**3 + 1 + 10*m**3 - 2*m + 10*m**3. Give h(-4).
-7
Let f = -19 - -22. Suppose -h + 8 = f*h. Let q(p) = -2*p - 5 + 5. What is q(h)?
-4
Let t(r) = -2*r - 74 + 81 - r. What is t(6)?
-11
Let a = 499 - 494. Let k(v) be the first derivative of -v**3/3 + 2*v**2 + 3*v - 1. Calculate k(a).
-2
Let z(k) = k + k - 7 + 1. Suppose 0 = -2*b - 5*m + 15, -5*b + 18 = 2*m - 51. Let x = -10 + b. Determine z(x).
4
Let l(d) = 7*d**3 + 11*d**2 - 2*d - 10. Let c(z) = 8*z**3 + 12*z**2 - z - 11. Let t(s) = -6*c(s) + 7*l(s). Let v(b) = -15*b - 21. Let w be v(-1). What is t(w)?
8
Let o = -18 - -10. Let h(n) = n**3 + 9*n**2 + 8*n + 1. Let u be h(o). Let z(r) be the first derivative of 2*r**2 + r - 1. Determine z(u).
5
Let l(p) = 3*p**2 - 2*p**2 + 0*p - p. Let i be l(-2). Let a(j) = -j**2 + 6*j + 2. Calculate a(i).
2
Suppose -4*o + 4*r = 28, 8 = -4*r + 8*r. Suppose f - 2*z + 4*z - 8 = 0, f + 4*z - 14 = 0. Let q(s) = 0*s**2 - s**2 - 9 + f - 6*s. Calculate q(o).
-2
Let r be 1 + -1 + (2 - -3). Let f(v) be the second derivative of v**4/8 - v**3 - v**2/2 - v. Let p(b) be the first derivative of f(b). What is p(r)?
9
Let a(f) = -f**2 - 4 - 22*f + 21*f + f**3 - f**2. Calculate a(3).
2
Let l(g) = g**2 - 5*g + 2. Let a be l(4). Let t(c) = -2*c - 2 - 3*c**2 + 2*c - 4*c. Calculate t(a).
-6
Let l(m) = m**3 + 7*m**2 + 6*m + 2. Let r(h) = -h**3 - 9*h**2 + 24*h + 16. Let u be r(-11). Give l(u).
2
Let h(y) = -2*y - 1. Suppose s + 18 = -5*u, 2*u = 4*u + 8. Determine h(s).
-5
Let v(z) = -z**3 + z**2 + z + 10. Let a be 2/6 + (-53)/(-3). Let j = a + -13. Let l = -5 + j. Give v(l).
10
Suppose -12 = -2*l - 18. Let j(v) = -v**3 - 4*v**2 - v + 4. What is j(l)?
-2
Let c(w) = -w + 5. Suppose -6 = -3*l + l. Suppose -l*b + 2*b + 44 = y, -116 = -3*y + b. Let t be 1/(-4) - (-10)/y. Give c(t).
5
Let r(t) be the first derivative of t**2/2 - 4*t - 1. Let v(n) = n - 3. Let i(g) = -2*r(g) + 3*v(g). What is i(1)?
0
Let s(k) be the second derivative of -k**7/840 + k**6/60 - k**5/30 + k**4/8 - k**3/6 - 6*k. Let w(n) be the second derivative of s(n). Calculate w(2).
11
Let h(c) be the third derivative of c**4/24 - c**3 - c**2 + 31. Calculate h(5).
-1
Let u be (-10)/4*24/(-30). Let t(v) = -v**2 + 5*v - 3. Determine t(u).
3
Suppose 4*a + 10 = 2*a. Let o be a/((2 + -3)/1). Let j(s) = -s**2 + 5*s - 5. Determine j(o).
-5
Let i(j) = -6 + 5*j**2 + j**3 + j + j + 3. Let w(l) = -l**3 + 8*l**2 - 5*l - 17. Let k be w(7). Calculate i(k).
9
Let v(x) = 4*x + 4. Let w(c) = c + 1. Let l(f) = -5*v(f) + 16*w(f). Calculate l(-3).
8
Suppose 34*j + 5 = 33*j. Let q(c) = c**3 + 6*c**2 + 6*c + 6. Calculate q(j).
1
Let s(a) = -16*a + 1. Suppose -2*t + 7 = -9*t. Give s(t).
17
Let y(t) = -25*t + 3 + 54*t - 28*t. Determine y(0).
3
Let b(z) = -2*z**2 + 1. Let a be (-12)/(-6) - (-4 - -1). Let w be a/3 + 4/12. Determine b(w).
-7
Let m(a) = a**2 + a - 4. Let x(u) = u. Let d(n) = m(n) + 3*x(n). Calculate d(-4).
-4
Suppose 2*c + 3*c = 10, 2*d - 3*c + 2 = 0. Let a(w) = 0*w**d + 2*w + 1 + w**2 - w. What is a(-2)?
3
Let v = -2 - 3. Let m = -1 - v. Suppose -5*z - 4*h = 16, m = 5*z - 2*z - h. Let n(t) = t - 5. What is n(z)?
-5
Let o(b) = 2*b**2 + 2*b - 2. Let t be o(-2). Let u(g) = -5*g + g - 1 - t*g. What is u(-1)?
5
Let g(d) = d - 3 - 91*d**2 + 7 + 96*d**2 + d**3. Calculate g(-5).
-1
Let o(k) be the second derivative of k**4/24 - k**2/2 + k. Let h(p) be the first derivative of o(p). Calculate h(-3).
-3
Let o(w) = -3*w + 0 + 2 + w - w. Calculate o(-4).
14
Let n be (-36)/28 - (-4)/14. Let t(g) = -g - 1. Let d(p) = 4*p + 1. Let a(u) = n*d(u) - 3*t(u). Determine a(6).
-4
Suppose 0 = -2*w - 0*w + 4. Let n(y) = y**w + 3*y - 4 - y + 10 + 4*y. What is n(-6)?
6
Let y(f) = 2*f. Let z(n) = n - 1. Let s be z(2). Let d be 1/s + (2 - 2). Determine y(d).
2
Let s = 5 + -3. Let r(v) = 6*v - 4*v**2 + 5*v**s - 2*v - 3*v - 3. Calculate r(0).
-3
Let z = -37 - -43. Let g(c) = c**3 - 7*c**2 + 4*c + 3. Determine g(z).
-9
Suppose -2*d + 12 = -5*m, 0 = -3*m + 2*d - 4. Let r(p) be the third derivative of -p**5/60 - p**4/6 - 2*p**3/3 + 235*p**2. Calculate r(m).
-4
Let m(j) = j - 4*j - 1 + 2*j. Suppose -20 = -4*f + 12. Let p = 5 - f. What is m(p)?
2
Let i(b) = 5*b**2 + b + 4. Let d(r) = r**2 - r + 1. Let z(v) = 6*d(v) - i(v). Let l = -10 + 3. Let y = l + 12. Calculate z(y).
-8
Let n(k) = -3*k**2 + 4*k**2 + 3*k - 5 + 3. Let v(a) = a**2 - 6*a + 2. Let b be v(5). What is n(b)?
-2
Let h(m) = m + 5*m**2 - 4 + 7 - 4*m. Let u(w) = 3*w**2 - 2*w + 2. Let i(d) = -5*h(d) + 8*u(d). Give i(-3).
-5
Let h be (4/(-30)*-6)/((-3)/15). Let k(y) = y + 5. Determine k(h).
1
Suppose 0 = 5*c - 4*q + 4, -3*c - 2*q = -c + 16. Let z be (-10)/4 + (-2)/c. Let g(l) be the first derivative of l**4/2 + l**3 - 1. What is g(z)?
-4
Let q(d) = -d - 17. Let j be q(-14). Let w(u) = -u**3 - 5*u**2 - 4*u - 3. Give w(j).
-9
Let s = -5 - -3. Let y be (s/4)/(1/4). Let b(g) = g + 1. Determine b(y).
-1
Let p(h) = h**3 + 6*h**2 + 6*h + 6. Suppose -f + 2*f = -5. 